 divided by 17?
14
Suppose q + 2 - 56 = 0. Let k be -4 - ((1 - 5) + -14). Suppose -k = -m - 5*y, 0 = -m + y + 3*y + 14. What is the remainder when q is divided by m?
12
What is the remainder when 100/150 + 494/6 is divided by 43?
40
Let w = -1 + 5. Calculate the remainder when 23 is divided by w.
3
Let r(o) = -3*o + 0*o + 6*o - 1. Let b be r(1). Suppose 0 = -w + 3*m - m + 12, 0 = -b*w - m + 24. What is the remainder when 69 is divided by w?
9
Suppose 0*h + 3*h - 27 = c, 0 = -3*h + 5*c + 39. Let n be 2*(2 - 47/(-2)). Let g = n - 22. What is the remainder when g is divided by h?
5
Suppose 195*c = 231*c - 2844. What is the remainder when c is divided by 31?
17
Let l be (-55)/(-20) + -4 - 6/8. Let x(c) = 6*c**2 - 2. Calculate the remainder when x(l) is divided by 13.
9
Suppose 5*j = 5*z + 20, 0*j = -2*j + 3*z + 6. Suppose -4*i - 312 = 84. Calculate the remainder when j is divided by 48/22 - (-18)/i.
0
Let d be (-2)/(-11) + (-664)/22. Let l be (d/9)/(3/(-9)). Suppose 0 = -8*o + l*o - 14. What is the remainder when 25 is divided by o?
4
Let k = 9 + 38. What is the remainder when k is divided by (-29)/((-3944)/1104) + (-4)/34?
7
Suppose 4*t - 35 = -n - 0*n, 2*n = -t + 56. What is the remainder when 106 is divided by n?
25
Let n = 61 - -29. What is the remainder when n is divided by 7?
6
Suppose 15*g - 8*g = 602. Calculate the remainder when g is divided by 45.
41
Let s(d) = 4*d - 31. Let g(c) = -c + 1. Let x(f) = g(f) - s(f). Calculate the remainder when x(-10) is divided by 21.
19
Suppose -5*a = -3*a. Suppose a*v - f = -v, 5*v - 4*f - 3 = 0. What is the remainder when 23 is divided by v?
2
What is the remainder when 18/1*((-200)/(-30))/5 is divided by 12?
0
Let f(s) = -11*s - 4. Let w(u) = u - 1. Let b be (-4)/5*(-60)/24. Let o(v) = b*w(v) - f(v). Calculate the remainder when o(6) is divided by 27.
26
Suppose 5*l - 97 = 22*r - 26*r, 2*l - 50 = -2*r. Let d = 3 + -2. Let q = r - d. Calculate the remainder when q is divided by 8.
3
Suppose 3*r - 6*r = -558. Suppose 10*i - r = 4*i. What is the remainder when i is divided by 18?
13
Suppose -8*r + 7*r + 37 = 0. Suppose 0 = 8*b - 2*b - 1098. Calculate the remainder when b is divided by r.
35
Let l be ((-18)/(-36))/((-1)/(-2)). Suppose -u - 5*w = -21, 0 = 3*w - l + 4. Let y = 28 - u. What is the remainder when 7 is divided by y?
1
What is the remainder when 391 is divided by (-120)/(-10) + 85 + 2?
94
Let f(w) = w - 3. Let p be f(6). Suppose p*o - 5*o + 26 = 0. Let r(x) = x**2 + x + 6. What is the remainder when r(5) is divided by o?
10
Let m(a) = -a + 0*a**2 + a**2 + 12*a + 28 + a. What is the remainder when (1 - 0)/((-1)/(-23)) is divided by m(-10)?
7
Suppose 0*m - 2*m + 3*v = 2, v + 1 = m. Let s(f) = -2*f + 13. Let n be s(m). What is the remainder when ((-3)/(-1))/n + 39 is divided by 15?
10
Let l = -200 + 76. Let a = -61 - l. What is the remainder when a is divided by 11?
8
Let v(p) = p**2 - 10*p + 7. Let w(b) = 2*b - 15. Let r be w(11). Let z be v(r). Let m = z - -33. What is the remainder when m is divided by 7?
5
Let v = 31 + 124. Suppose 4*h - 2*z = h + v, 2*z - 151 = -3*h. What is the remainder when h is divided by 19?
13
Let s(p) = p**3 - 12*p**2 - p + 16. Let a be s(12). Calculate the remainder when a*8 - (-8)/(-2) is divided by 6.
4
Suppose 8 = -4*h + 4. What is the remainder when 21 is divided by 0 - (1 + h) - -4?
1
Let s = 21 + 425. Calculate the remainder when s is divided by 75.
71
Let l = -13 - -1. Let j = l - -12. Suppose 2*t - 5*m - 228 = j, 7*t - 456 = 3*t - 3*m. Calculate the remainder when t is divided by 29.
27
Let w(t) = t**2 + 8*t - 14. Let y be w(6). Suppose -3*d + y = 2*d. What is the remainder when 53 is divided by d?
11
Let g(i) = i**2 - 11*i + 2. Let v be g(9). Let z = 20 + v. Suppose -3*c - 3*j + 132 = 0, -z*c - 27 + 202 = 5*j. What is the remainder when c is divided by 23?
22
Suppose 33 + 21 = 3*j. Let v(s) = -s**2 - 24*s - 8. What is the remainder when v(-19) is divided by j?
15
Let y be ((-10)/15)/((-1)/3). Let f = -5 + 7. Calculate the remainder when (y/(-3) + 0)*-9 is divided by f.
0
Let g be -1 + (-3)/(12/(-16)). What is the remainder when 2 + 13 - (4 - g) is divided by 3?
2
Let t(x) = x + 12. Let p be t(5). Let r = 17 - p. Suppose k - 4*k + 93 = r. What is the remainder when 123 is divided by k?
30
Suppose -15 - 39 = -4*o + 5*g, -g + 2 = 0. Suppose -2*t = t. Suppose -4*k + 66 + 50 = t. What is the remainder when k is divided by o?
13
Let s = -45 - -57. Let k = 51 + 4. Suppose 0 = -b + j - 3*j + k, s = -4*j. Calculate the remainder when b is divided by 21.
19
Let z be (3 + -1)/(1 + (-5)/10). Suppose 9 = 3*s - 3*l, 3*s = z*l + 1 + 4. What is the remainder when s is divided by 2?
1
What is the remainder when (-9)/4*5160/(-45) is divided by 125?
8
Suppose 4*z - o = 530, -z - 6*o = -2*o - 124. Suppose -5*u + z = 6*u. Calculate the remainder when u is divided by 9.
3
Let g(a) = -a - 1. Calculate the remainder when 220/25 - 3/(45/(-3)) is divided by g(-4).
0
Let y be 4384/40 + (-2)/(-5). Let w = y - 65. What is the remainder when w is divided by 12?
9
Let p be 1/(-3) - (-15)/(-9). Let l be -4*(p + 3)*-3. Let k(g) = 8*g + 14. What is the remainder when k(l) is divided by 28?
26
Let y(b) = -4*b**2 + 3*b**2 + 14*b - 24*b - 2*b. Let p(k) = 23*k. What is the remainder when p(6) is divided by y(-7)?
33
Suppose -4*a = -4*o + 4, -2*o + 4*a - 7 + 3 = 0. Suppose 4*k = -3*f - 2, -f = -2*k + o*k. Let w = 7 + k. Calculate the remainder when 22 is divided by w.
6
Suppose -5 = v + 3*x - 0, -3*v + 20 = 2*x. Let m be 116/20 + (-3)/(-15). Suppose 18*q - 17*q = m. Calculate the remainder when v is divided by q.
4
Let m = -29 + -1. What is the remainder when 98 is divided by (m/(-4))/((-9)/(-24))?
18
Suppose -p - p + 22 = 3*b, 5*b - 5*p = -5. Suppose b*f + 4*o = 24, f - 2*o - 3 = 3. What is the remainder when 23 is divided by f?
5
Suppose 5*z - 56 = -11. Suppose g - 266 = -3*k, -4*g = -3*k - 2*k + 432. What is the remainder when k is divided by z?
7
Let k = -218 - -247. Calculate the remainder when 258 is divided by k.
26
Let o = 52 + 25. Let s(r) be the third derivative of r**4/8 + 16*r**3/3 - 27*r**2. What is the remainder when o is divided by s(-4)?
17
Suppose 3*i + 0 = -3, -5*i = -5*c + 60. Calculate the remainder when c is divided by (-10)/(-4)*(-312)/(-195).
3
Suppose 4*r + r - 445 = -6*z, -2*r = z - 80. What is the remainder when z is divided by 37?
33
Let t(q) be the first derivative of q**4/4 - 13*q**3/3 + 15*q**2/2 - 16*q - 2. Calculate the remainder when 38 is divided by t(12).
18
Suppose -4*g = 5*d - 1243, -3*d + 883 - 139 = 3*g. What is the remainder when d is divided by 21?
20
Suppose 0 = -11*z + 271 + 136. Let j = -109 + 182. What is the remainder when j is divided by z?
36
Let i(s) be the first derivative of s**3/3 - 5*s**2/2 + 8*s + 7. Let j be i(-7). Suppose 3*z = -z + j. Calculate the remainder when 89 is divided by z.
20
Let a = 288 - -242. Calculate the remainder when a is divided by 59.
58
Let s(u) = -u**2 - 3*u + 18. Let p be s(-6). Let v = p - -8. Calculate the remainder when 55 is divided by v.
7
What is the remainder when 158 is divided by (1 + -8)/(-1) + (59 - -8)?
10
Suppose -51*z = -60*z + 369. Calculate the remainder when z is divided by 7.
6
Suppose -22 = -4*s + 2*t, -1 - 17 = -4*s - 2*t. Suppose 7*d + s*d - 252 = 0. Calculate the remainder when 61 is divided by d.
19
Let z = -50 - -106. Suppose 0 = -3*f - f + z. What is the remainder when 5 + -6 + -1*(1 - 42) is divided by f?
12
Suppose -37 - 323 = -40*g. What is the remainder when g is divided by 5 + (1 + -1)/1?
4
Let t(j) = j**2 - 10*j - 81. Calculate the remainder when 1212 is divided by t(16).
12
Let j = -26 - -41. Let a = 15 - j. Suppose a*x = 2*x - 8. What is the remainder when 11 is divided by x?
3
Let d = -11 - -13. Suppose -2*l + 180 = 3*u - 0*u, d*u + 4*l = 120. Calculate the remainder when u is divided by (-2)/(1*(-2)/21).
18
Suppose -514 = -2*x - 2*l, 1286 = 5*x + 41*l - 37*l. What is the remainder when x is divided by 31?
10
Let d(i) = i**3 - 17*i**2 + 84*i - 56. Suppose 4*h - 33 = 55. Calculate the remainder when d(10) is divided by h.
18
Suppose 1 = -3*k + 7. Suppose -k - 1 = -d, 3 = 4*z + d. Suppose z = -p - 3*a + 10, 4 = -p + a + 3*a. Calculate the remainder when 6 is divided by p.
2
Calculate 